{"id":38,"date":"2013-03-26T19:10:56","date_gmt":"2013-03-26T18:10:56","guid":{"rendered":"http:\/\/test.very-usefull-things.de\/?page_id=38"},"modified":"2019-01-03T20:13:51","modified_gmt":"2019-01-03T19:13:51","slug":"links","status":"publish","type":"page","link":"https:\/\/very-usefull-things.de\/?page_id=38","title":{"rendered":"Links"},"content":{"rendered":"<h2>Allgemein<\/h2>\n<table width=\"700\" cellspacing=\"12\" border=\"0\">\n<tbody>\n<tr>\n<td width=\"29%\"><a href=\"http:\/\/www.preetzer-tsv.de\" target=\"_top\">Preetzer TSV<\/a><\/td>\n<td width=\"71%\">Unser Heimatverein \ud83d\ude09<\/td>\n<\/tr>\n<tr>\n<td><a href=\"http:\/\/www.ndsb-sh.de\/bogensport.html\" target=\"_top\">Bogensport im NDSB<\/a><\/td>\n<td>Informationen zum Bogensport in Schleswig-Holstein im <a href=\"http:\/\/www.ndsb-sh.de\/\" target=\"_blank\">Norddeutschen Sch\u00fctzenbund<\/a><\/td>\n<\/tr>\n<tr>\n<td><a href=\"http:\/\/www.bogen.jo-sch\u00fctt.de\/jonnys.php\" target=\"_top\">JoS INFOS<\/a><\/td>\n<td>DIE Seite f\u00fcr NDBS Turniere. Meldungen, Limits und Ergebnisse<\/td>\n<\/tr>\n<tr>\n<td><a href=\"http:\/\/www.bogenfax.de\" target=\"_top\">www.bogenfax.de<\/a><\/td>\n<td>Ergebnisse, Zulassungszahlen, Klasseneinteilungen, etc.<\/td>\n<\/tr>\n<tr>\n<td><a href=\"http:\/\/www.bogensportinfo.de\" target=\"_top\">www.bogensportinfo.de<\/a><\/td>\n<td>ca. 400 Bogensportlinks und Forum<\/td>\n<\/tr>\n<tr>\n<td><a href=\"http:\/\/www.bogensport-forum.de\" target=\"_top\">www.bogensport-forum.de<\/a><\/td>\n<td>Das Forum von Bogensch\u00fctzen f\u00fcr Bogensch\u00fctzen<\/td>\n<\/tr>\n<tr>\n<td><a href=\"http:\/\/www.bastel-haggy.de\/\">Hagenwollweb<\/a><\/td>\n<td>Bauanleitungen f\u00fcr Bogensch\u00fctzen (3D-Tiere, Werkzeug, Zubeh\u00f6r, etc&#8230;)<\/td>\n<\/tr>\n<tr>\n<td><a href=\"http:\/\/heap-net.de\/Bow\/\">Heap&#8217;s Bogensportpage <\/a><\/td>\n<td>Bauanleitungen und Trainingstipps<\/td>\n<\/tr>\n<\/tbody>\n<\/table>\n<h2>H\u00e4ndler<\/h2>\n<table width=\"100%\" cellspacing=\"12\" border=\"0\">\n<tbody>\n<tr>\n<td width=\"33%\"><a href=\"http:\/\/www.hup-bogensport.de\/\" target=\"_top\">H&amp;P Bogenssport<\/a><\/td>\n<td width=\"67%\">Heinz und Peters Bogenssportladen in Laboe<\/td>\n<\/tr>\n<tr>\n<td width=\"33%\"><a href=\"http:\/\/www.bowmans-trade.de\/\" target=\"_top\">bowmans-trade<\/a><\/td>\n<td width=\"67%\">Bowman&#8217;s Trade ist ein neuer Shop f\u00fcr traditionelle Bogensch\u00fctzen, Outdoorfreaks, Individualisten und Liebhaber von indianischem und keltischem Schmuck.<\/td>\n<\/tr>\n<tr>\n<td width=\"33%\"><a href=\"http:\/\/www.allermann.de\/\" target=\"_top\">Schie\u00dfsportzentrum Allerman<\/a><\/td>\n<td width=\"67%\">Nicht nur f\u00fcr Bogensch\u00fctzen<\/td>\n<\/tr>\n<tr>\n<td><a href=\"http:\/\/www.elias-bogensport.de\/\" target=\"_top\">Elias Bogensport<\/a><\/td>\n<td>Guter und g\u00fcnstiger Onlineshop!<\/td>\n<\/tr>\n<tr>\n<td><a href=\"http:\/\/aixbow.de\/\" target=\"_top\">Aixbow<\/a><\/td>\n<td>Sehr sch\u00f6ner Onlineshop &#8211; viele Infos. Auch telefonisch erreichbar.<\/td>\n<\/tr>\n<tr>\n<td><a href=\"http:\/\/www.wiko-bogensport.de\/\" target=\"_top\">Wiko Bogensport <\/a><\/td>\n<td><\/td>\n<\/tr>\n<tr>\n<td><a href=\"http:\/\/www.tdh-bogensport.de\/\" target=\"_top\">TDH Bogensport <\/a><\/td>\n<td><\/td>\n<\/tr>\n<\/tbody>\n<\/table>\n<h2>Vereine<\/h2>\n<table width=\"100%\" cellspacing=\"12\" border=\"0\">\n<tbody>\n<tr>\n<td><a href=\"http:\/\/svrethwisch.de\/bogen.html\" target=\"_top\">svrethwisch.de<\/a><\/td>\n<td>Bogensport im SV Rethwisch (gleich um die Ecke..)<\/td>\n<\/tr>\n<tr>\n<td><a href=\"http:\/\/www.bogensport-mildstedt.de\" target=\"_top\">www.bogensport-mildstedt.de<\/a><\/td>\n<td>Bogensport im TSV Mildstedt<\/td>\n<\/tr>\n<tr>\n<td><a href=\"http:\/\/www.feldbogensport.de\" target=\"_top\">www.feldbogensport.de<\/a><\/td>\n<td>Seiten des Heikendorfer SV &#8211; Schwerpunkt Feldbogenschie\u00dfen<\/td>\n<\/tr>\n<tr>\n<td><a href=\"http:\/\/www.bogenschuetzen-svpang.de\/tuning.htm\" target=\"_top\">Bogensch\u00fctzen SV Pang<\/a><\/td>\n<td>Diverse Infos<\/td>\n<\/tr>\n<tr>\n<td><a href=\"http:\/\/www.bogenschuetzen-feucht.de\/\" target=\"_top\">Bogensch\u00fctzen Feucht<\/a><\/td>\n<td>U.A. gibt es hier Videosequenzen zum Schussablauf!<\/td>\n<\/tr>\n<tr>\n<td><a href=\"http:\/\/www.bogen.klein.wesenberg.de\/\" target=\"_top\">Bogensport Klein Wesenberg<\/a><\/td>\n<td>Wundersch\u00f6ne, liebevoll HP<\/td>\n<\/tr>\n<tr>\n<td><a href=\"http:\/\/www.bergmann-borsig.de\/\" target=\"_top\">SG Bergmann-Borsig Berlin<\/a><\/td>\n<td>HP mit Aktuellen Meldungen vom Bogensport<\/td>\n<\/tr>\n<\/tbody>\n<\/table>\n<h2>Eigene Downloads<\/h2>\n<p><a href=\"http:\/\/very-usefull-things.de\/?attachment_id=1122\" rel=\"attachment wp-att-1122\">Schie\u00dfzettel Feldbogen (Excel)<\/a><br \/>\n<a href=\"http:\/\/bogensport.spetzler.de\/wp-content\/uploads\/2014\/03\/FeldbogenLeer.pdf\">Schie\u00dfzettel Feldbogen (PDF)<\/a><br \/>\n<a href=\"http:\/\/bogensport.spetzler.de\/wp-content\/uploads\/2014\/03\/Ganzseitiges-Foto.pdf\">\u00dcbersicht Parcour (PDF)<\/a><\/p>\n<p><!--break--><\/p>\n","protected":false},"excerpt":{"rendered":"<p>Allgemein Preetzer TSV Unser Heimatverein \ud83d\ude09 Bogensport im NDSB Informationen zum Bogensport in Schleswig-Holstein im Norddeutschen Sch\u00fctzenbund JoS INFOS DIE Seite f\u00fcr NDBS Turniere. Meldungen, Limits und Ergebnisse www.bogenfax.de Ergebnisse, Zulassungszahlen, Klasseneinteilungen, etc. www.bogensportinfo.de ca. 400 Bogensportlinks und Forum www.bogensport-forum.de Das Forum von Bogensch\u00fctzen f\u00fcr Bogensch\u00fctzen Hagenwollweb Bauanleitungen f\u00fcr Bogensch\u00fctzen (3D-Tiere, Werkzeug, Zubeh\u00f6r, etc&#8230;) Heap&#8217;s &hellip; <a href=\"https:\/\/very-usefull-things.de\/?page_id=38\" class=\"more-link\"><span class=\"screen-reader-text\">\u201eLinks\u201c<\/span> weiterlesen<\/a><\/p>\n","protected":false},"author":1,"featured_media":0,"parent":0,"menu_order":0,"comment_status":"open","ping_status":"open","template":"","meta":[],"_links":{"self":[{"href":"https:\/\/very-usefull-things.de\/index.php?rest_route=\/wp\/v2\/pages\/38"}],"collection":[{"href":"https:\/\/very-usefull-things.de\/index.php?rest_route=\/wp\/v2\/pages"}],"about":[{"href":"https:\/\/very-usefull-things.de\/index.php?rest_route=\/wp\/v2\/types\/page"}],"author":[{"embeddable":true,"href":"https:\/\/very-usefull-things.de\/index.php?rest_route=\/wp\/v2\/users\/1"}],"replies":[{"embeddable":true,"href":"https:\/\/very-usefull-things.de\/index.php?rest_route=%2Fwp%2Fv2%2Fcomments&post=38"}],"version-history":[{"count":2,"href":"https:\/\/very-usefull-things.de\/index.php?rest_route=\/wp\/v2\/pages\/38\/revisions"}],"predecessor-version":[{"id":1558,"href":"https:\/\/very-usefull-things.de\/index.php?rest_route=\/wp\/v2\/pages\/38\/revisions\/1558"}],"wp:attachment":[{"href":"https:\/\/very-usefull-things.de\/index.php?rest_route=%2Fwp%2Fv2%2Fmedia&parent=38"}],"curies":[{"name":"wp","href":"https:\/\/api.w.org\/{rel}","templated":true}]}}